
-49
Let k(u) = 2*u**3 + 23*u**2 - 487*u - 5162. Give k(-10).
8
Let v(k) = 114*k + 2149. What is v(-18)?
97
Let a(f) = 3*f**3 + 3*f**2 - 13*f + 12. Calculate a(-6).
-450
Let m(y) = -3*y**2 + 29*y + 263. Calculate m(-6).
-19
Let c(a) = -2*a**2 + 16*a + 69. Calculate c(10).
29
Let x(m) = m**3 - 10*m**2 - 13*m + 27. Calculate x(8).
-205
Let l(c) = 2976*c + 32742. Calculate l(-11).
6
Let n(a) = -14*a**2 + 51*a + 28. Determine n(5).
-67
Let b(l) = l**3 + 271*l**2 - 280*l - 2152. Calculate b(-272).
24
Let s(w) = -w**3 - 95*w**2 - 545*w - 967. Give s(-89).
12
Let q(f) = -32*f - 145. Calculate q(-5).
15
Let i(j) = -j**2 + 192*j - 923. What is i(5)?
12
Let p(j) = j**3 - 5*j**2 + 167*j + 347. Give p(-2).
-15
Let h(l) = -3*l**2 - 91*l - 89. Determine h(-29).
27
Let u(x) = 2*x**3 + 10*x**2 + 13*x + 7. Determine u(-7).
-280
Let c(v) = -2*v**2 + 11*v + 29. Determine c(8).
-11
Let p(y) = -y**2 + 193*y + 10652. What is p(-45)?
-58
Let d(z) = 82*z - 12297. Give d(150).
3
Let p(f) = 14*f + 57. Calculate p(-14).
-139
Let p(v) = -v**2 - 176*v - 1348. Give p(-8).
-4
Let h(i) = -534*i - 3563. Give h(-7).
175
Let k(g) = 73*g - 85. Give k(-2).
-231
Let j(o) = o**3 + 9*o**2 - 92*o - 100. What is j(-15)?
-70
Let w(o) = 88*o + 7690. Determine w(-88).
-54
Let a(g) = 6*g**2 + 20*g - 30. Determine a(10).
770
Let o(z) = 2*z**3 + 4*z**2 + 14*z + 8. Give o(0).
8
Let u(x) = -224*x + 673. Calculate u(3).
1
Let z(h) = h**3 - 14*h**2 - 52*h + 65. Calculate z(17).
48
Let w(j) = -j**3 + 174*j**2 + 1266*j + 194. Give w(181).
13
Let u(l) = l**3 - 53*l**2 + 337*l - 2581. Determine u(47).
4
Let u(p) = p**2 - 19*p - 1329. Give u(-28).
-13
Let s(p) = p**3 + 73*p**2 - 45*p - 8425. Determine s(-72).
-1
Let p(c) = -172*c - 11160. Determine p(-65).
20
Let c(f) = -2*f**2 + 3*f - 22. Give c(-5).
-87
Let p(r) = -r**3 - 48*r**2 - 27*r + 933. Determine p(-47).
-7
Let h(b) = -b**2 - 857*b - 10132. Determine h(-12).
8
Let v(s) = 3*s**3 - 65*s**2 + 39*s - 29. Determine v(21).
-92
Let z(r) = -262*r + 7576. What is z(29)?
-22
Let m(n) = 12*n**2 - 960*n + 5. Calculate m(80).
5
Let y(n) = -n**3 + 171*n**2 + 2*n - 299. Give y(171).
43
Let d(j) = -j**2 - 29*j - 60. Determine d(-25).
40
Let z(j) = -8*j**2 + 5*j + 4. Determine z(-3).
-83
Let c(a) = -199*a + 1136. Give c(5).
141
Let b(y) = -15*y**2 + 163*y + 201. Calculate b(12).
-3
Let z(w) = w**3 - 12*w**2 - 36*w + 307. Calculate z(13).
8
Let g(d) = 317*d**2 + 2545*d + 83. Determine g(-8).
11
Let q(o) = -2*o**2 + 486*o - 2359. Give q(5).
21
Let q(b) = 390*b + 7410. Calculate q(-19).
0
Let n(v) = 2*v**3 + 81*v**2 + 115*v - 76. Determine n(-39).
2
Let z(f) = f**2 - 18*f + 3. What is z(17)?
-14
Let q(y) = -y**2 - 1124*y + 15877. What is q(14)?
-55
Let p(k) = -k**2 - 4*k + 115. Determine p(7).
38
Let g(u) = -2*u**3 - 10*u**2 - 14*u - 5. Determine g(-6).
151
Let r(k) = -k**3 - 12*k**2 + 52*k + 483. Determine r(-8).
-189
Let n(p) = -23*p**2 - 1551*p - 708. Calculate n(-67).
-38
Let o(a) = 2*a**3 + 120*a**2 - 122*a + 13. Determine o(-61).
13
Let l(w) = 33*w + 103. Give l(-10).
-227
Let f(l) = -l**3 - 7*l**2 + 20*l - 47. Determine f(4).
-143
Let y(t) = -t**3 - 17*t**2 - 23*t - 16. What is y(-16)?
96
Let f(o) = 2*o**3 - 44*o**2 - 73*o + 55. What is f(24)?
607
Let z(p) = p**2 - 181. Calculate z(14).
15
Let s(u) = -u**3 + 22*u**2 + 39*u - 437. Determine s(4).
7
Let t(o) = -o**3 + 42*o**2 - 55*o + 570. Determine t(41).
-4
Let f(p) = 34*p + 36. Give f(0).
36
Let n(r) = -r**3 + r**2 + 15*r + 668. Calculate n(0).
668
Let u(z) = 1612*z + 11243. Determine u(-7).
-41
Let g(p) = -p**3 + 68*p**2 - 134*p + 147. Give g(66).
15
Let q(h) = h**2 - 181*h + 4517. What is q(31)?
-133
Let k(t) = 11*t + 161. What is k(-20)?
-59
Let d(n) = n**3 + 103*n**2 - 1133*n - 335. Give d(-113).
4
Let p(g) = -6*g**3 - 3*g**2 + 2*g - 1. Determine p(2).
-57
Let m(f) = -3*f**3 - 42*f**2 + 54*f + 764. Determine m(-14).
8
Let x(b) = 180*b - 2146. What is x(9)?
-526
Let m(s) = -s**3 - 17*s**2 - 16*s + 6. What is m(-16)?
6
Let g(o) = 3*o**3 - 21*o**2 + 25*o + 14. Calculate g(8).
406
Let f(t) = 2*t**3 - 62*t**2 + 44*t + 475. Determine f(30).
-5
Let b(g) = 194*g + 1573. Determine b(-8).
21
Let c(m) = -m**3 + 24*m**2 - 93*m - 65. Calculate c(15).
565
Let f(b) = -3*b**3 - 38*b**2 + 10*b - 25. Calculate f(-13).
14
Let h(m) = 946*m - 22701. Give h(24).
3
Let x(p) = 6*p**2 - 6*p - 4. What is x(2)?
8
Let r(g) = 7*g - 123. Determine r(21).
24
Let d(r) = -r**3 + 55*r**2 - 56*r + 3081. Calculate d(55).
1
Let k(l) = -l**3 + 20*l**2 + 6*l + 233. Calculate k(20).
353
Let j(w) = -w**3 + 30*w**2 - 8*w + 135. Calculate j(30).
-105
Let r(c) = 16073*c - 80364. What is r(5)?
1
Let a(q) = -4*q**2 - 128*q + 87. Give a(-29).
435
Let a(z) = -z**3 - 23*z**2 - 29*z - 134. What is a(-22)?
20
Let z(t) = -t**3 - 10*t**2 + 17*t + 33. What is z(-11)?
-33
Let g(w) = -w**3 - 13*w**2 + 116*w - 5. Give g(-19).
-43
Let o(f) = -f**2 + 1307*f - 6505. Calculate o(5).
5
Let g(j) = 4*j**2 - 63*j + 197. What is g(11)?
-12
Let d(i) = -2*i**3 + 3*i**2 - 39*i - 84. Give d(-2).
22
Let z(v) = 152*v - 3055. Give z(20).
-15
Let a(i) = -i**3 + 22*i**2 - 25*i + 1108. Give a(23).
4
Let q(z) = -117*z - 1672. Determine q(-14).
-34
Let v(n) = -2*n**3 + n**2 - 201*n - 13. What is v(0)?
-13
Let t(m) = 2*m**2 - 44*m - 64. What is t(22)?
-64
Let k(t) = -437*t + 4863. What is k(11)?
56
Let m(v) = -12757*v + 89270. Calculate m(7).
-29
Let o(h) = -h**3 + 2*h**2 + 4*h + 73. Determine o(0).
73
Let p(x) = -x**3 + 27*x**2 - x - 30. Calculate p(0).
-30
Let j(i) = i**2 + 40*i - 13056. Calculate j(-136).
0
Let h(o) = 112*o + 15793. Determine h(-141).
1
Let s(o) = 30*o**2 - 2*o - 5. Determine s(2).
111
Let s(o) = -9*o + 255. Calculate s(28).
3
Let o(u) = -63*u**3 + 8*u**2 - 19*u + 28. Calculate o(2).
-482
Let h(l) = -166*l**2. What is h(-1)?
-166
Let l(o) = -59*o - 1478. Determine l(-26).
56
Let k(a) = -114*a - 1193. Calculate k(-11).
61
Let s(m) = -m**2 + 63*m - 500. What is s(9)?
-14
Let s(y) = -20*y - 1447. Calculate s(-66).
-127
Let w(s) = -s**3 + 56*s**2 + 189*s - 710. What is w(59)?
-2
Let u(c) = c + 64. Give u(5).
69
Let m(a) = -a**2 - 60*a - 780. Calculate m(-41).
-1
Let p(n) = -2*n**2 + 250*n + 1005. Give p(-4).
-27
Let k(h) = h**2 + 13*h + 161. Calculate k(-19).
275
Let r(g) = g**2 + 98*g + 589. Determine r(-8).
-131
Let p(b) = b**3 - 29*b**2 + 97*b + 96. Calculate p(25).
21
Let z(w) = 92*w - 8641. Give z(94).
7
Let l(t) = t**3 + 16*t**2 - 62*t + 341. Determine l(-20).
-19
Let w(r) = 252*r - 1244. Give w(5).
16
Let d(z) = 2624*z**2 + 10502*z + 14. Determine d(-4).
-10
Let x(m) = 1291*m - 86503. Determine x(67).
-6
Let w(o) = -o**2 - 52*o - 643. What is w(-21)?
8
Let m(u) = -13*u**2 + 226*u + 228. Determine m(-1).
-11
Let l(y) = -2*y**2 - 24*y + 106. Calculate l(-17).
-64
Let q(x) = 3*x**3 - 19*x**2 + 3*x + 18. Give q(7).
137
Let b(g) = 441*g - 37022. Give b(84).
22
Let t(b) = 3*b**2 - 375*b + 3277. Give t(9).
145
Let y(l) = -10*l**3 - 129*l**2 + 9*l - 54. Give y(-13).
-2
Let j(n) = -n**3 - 6*n**2 + 61*n + 206. Determine j(-3).
-4
Let k(s) = -6*s**2 - 91*s - 20. What is k(-15)?
-5
Let l(i) = -2161*i - 8642. Determine l(-4).
2
Let q(w) = -181*w + 1059. Calculate q(6).
-27
Let l(m) = m**3 + 27*m**2 - 31*m - 625. Give l(-27).
212
Let a(x) = 124*x + 293. What is a(-6)?
-451
Let c(n) = -2*n**2 - 134*n - 1242. Give c(-11).
-10
Let r(v) = 30*v**2 - 7*v + 21. Give r(0).
21
Let q(u) = -27*u**3 + 4*u**2 + u + 4. What is q(-2)?
234
Let h(d) = -3*d**3 - 44*d**2 - 31*d - 44. What is h(-14)?
-2
Let d(x) = 2*x**3 + 4*x**2 - 7*x - 44. Give d(-4).
-80
Let c(s) = -s**2 + 254*s + 1823. Determine c(-7).
-4
Let l(t) = t**2 + 6*t - 34. Determine l(-12).
38
Let x(m) = -4*m**3 + 645*m**2 - 168*m + 1165. Give x(161).
38
Let n(g) = 44*g - 3093. Determine n(70).
-13
Let i(d) = d**2 + 3*d - 463. Determine i(18).
-85
Let q(r) = 6*r**3 - 20*r**2 + 2*r + 5. What is q(2)?
-23
Let x(w) = 3951*w + 90883. Calculate x(-23).
10
Let u(m) = 40*m - 28. Determine u(1).
12
Let y(u) = 64*u - 2639. Determine y(42).
49
Let j(x) = 2*x**2 + 145*x - 1761. Determine j(-83).
-18
Let d(r) = 2056*r - 26742. Determine d(13).
-14
Let o(b) = 2*b**2 - 364*b - 1846. Give o(-5).
24
Let o(x) = -94*x - 404. Calculate o(-6).
160
Let c(k) = 161*k - 1443. Determine c(9).
6
Let u(f) = 192*f - 1518. Calculate u(7).
-174
Le